7?
False
Is 117440442 a multiple of 54?
True
Is 9296366 a multiple of 40?
False
Does 298 divide 10345777?
False
Is 49 a factor of 24363290?
True
Is 632384813 a multiple of 1024?
False
Is 15 a factor of 197565135?
True
Does 3162 divide 944610836?
False
Is 644 a factor of 40091638?
False
Is 8 a factor of 192661152?
True
Is 18 a factor of 1673735562?
True
Is 26972268 a multiple of 102?
True
Is 160 a factor of 32437115?
False
Is 1497 a factor of 366515276?
False
Does 1150 divide 1156132656?
False
Is 1102 a factor of 2286417478?
True
Is 16 a factor of 163289879?
False
Does 1185 divide 32914560?
True
Does 150 divide 788771700?
True
Is 4 a factor of 14656591?
False
Is 45 a factor of 38886696?
False
Does 14 divide 666151598?
True
Is 53899676 a multiple of 74?
True
Is 43519869 a multiple of 860?
False
Does 22 divide 404772852?
True
Is 564381 a multiple of 17?
False
Is 33919428 a multiple of 428?
True
Is 365653346 a multiple of 166?
True
Is 89 a factor of 350927089?
True
Is 11 a factor of 18235328?
False
Is 36 a factor of 37823287?
False
Does 6 divide 93163116?
True
Is 9557187 a multiple of 29?
False
Is 47459776 a multiple of 26?
True
Is 61003836 a multiple of 18?
True
Is 18 a factor of 195594732?
True
Is 10494550 a multiple of 19?
False
Is 200 a factor of 57395600?
True
Is 80 a factor of 4728211152?
False
Is 151339632 a multiple of 1682?
True
Is 188438264 a multiple of 184?
True
Does 59 divide 83792973?
False
Is 8 a factor of 7964800?
True
Does 2602 divide 38925920?
True
Is 172577492 a multiple of 6128?
False
Is 160130172 a multiple of 292?
True
Does 176 divide 139124318?
False
Is 138 a factor of 103065438?
True
Is 15048759 a multiple of 3?
True
Does 3531 divide 130788240?
True
Does 12 divide 333174143?
False
Does 2 divide 3352060?
True
Is 216084012 a multiple of 1126?
False
Is 1236992320 a multiple of 80?
True
Does 11 divide 7482079?
True
Is 7 a factor of 123629457?
True
Does 26 divide 337740?
True
Is 809354079 a multiple of 1803?
True
Is 128 a factor of 409714851?
False
Is 964 a factor of 91245796?
False
Is 114545502 a multiple of 18?
True
Is 224 a factor of 185709487?
False
Is 72932715 a multiple of 384?
False
Is 305 a factor of 1230657920?
True
Does 8 divide 48580160?
True
Does 196 divide 838992044?
False
Is 310 a factor of 15884400?
True
Is 40545792 a multiple of 216?
True
Does 137 divide 35871367?
False
Does 22 divide 17884724?
True
Does 55 divide 14453765?
False
Is 219540436 a multiple of 422?
True
Is 87109587 a multiple of 237?
True
Does 486 divide 3168042?
False
Does 698 divide 9435564?
True
Is 7464719 a multiple of 6?
False
Is 703249949 a multiple of 977?
False
Does 112 divide 103644016?
True
Is 102 a factor of 86274936?
False
Is 59250194 a multiple of 113?
True
Does 72 divide 9504360?
True
Is 6640 a factor of 2041184046?
False
Is 2125323 a multiple of 27?
False
Is 710403298 a multiple of 437?
False
Is 1937 a factor of 1858842926?
False
Is 1938 a factor of 794253436?
False
Is 27298782 a multiple of 18?
True
Is 607583082 a multiple of 1144?
False
Is 529816730 a multiple of 179?
True
Is 66669876 a multiple of 5499?
True
Is 1681 a factor of 47227695?
True
Is 10043544 a multiple of 5?
False
Is 77474457 a multiple of 51?
True
Does 3472 divide 297071264?
True
Is 153883148 a multiple of 9?
False
Does 4 divide 18039754?
False
Is 44 a factor of 56394021?
False
Is 61 a factor of 2676542323?
True
Is 62109720 a multiple of 108?
True
Is 1861209 a multiple of 16?
False
Is 783208919 a multiple of 38?
False
Is 955787900 a multiple of 452?
True
Is 13984935 a multiple of 7?
False
Is 40 a factor of 93094600?
True
Is 14619202 a multiple of 206?
True
Is 13 a factor of 22744215?
True
Is 2244 a factor of 1041539862?
False
Is 1317489492 a multiple of 22?
True
Is 8794688 a multiple of 56?
True
Is 549583374 a multiple of 991?
False
Does 111 divide 67802130?
True
Is 294187179 a multiple of 363?
True
Is 396 a factor of 309737340?
True
Does 1004 divide 2636452796?
True
Is 3 a factor of 54124?
False
Is 1547607625 a multiple of 108?
False
Does 2789 divide 268990801?
False
Is 229 a factor of 141508947?
True
Is 41088452 a multiple of 356?
True
Is 404691664 a multiple of 107?
False
Is 568 a factor of 397916944?
True
Is 16960295 a multiple of 58?
False
Is 11 a factor of 12698237?
False
Is 964096924 a multiple of 7?
True
Does 439 divide 535595804?
True
Does 3 divide 28440078?
True
Is 1779120 a multiple of 10?
True
Does 6 divide 80811618?
True
Does 16 divide 35961488?
True
Is 16 a factor of 83904783?
False
Is 110433260 a multiple of 49?
True
Is 3702 a factor of 958652564?
False
Is 41293279 a multiple of 4?
False
Does 5 divide 28625651?
False
Is 150 a factor of 69437700?
True
Is 34151695 a multiple of 33?
False
Does 98 divide 67731818?
True
Is 179712729 a multiple of 143?
False
Is 28 a factor of 75073706?
False
Is 3 a factor of 5760968?
False
Is 17589927 a multiple of 93?
True
Does 3412 divide 88848342?
False
Is 324842731 a multiple of 59?
True
Is 101 a factor of 61242621?
False
Is 122 a factor of 160445385?
False
Is 2702 a factor of 240310476?
True
Is 318 a factor of 5379935?
False
Does 40 divide 510009680?
True
Does 2 divide 386101664?
True
Does 1884 divide 2182137348?
True
Is 54 a factor of 20359296?
True
Does 273 divide 8349705?
True
Is 302 a factor of 600815410?
True
Is 22351581 a multiple of 497?
True
Is 718 a factor of 101226132?
False
Does 1589 divide 552705033?
False
Is 847615784 a multiple of 21?
False
Does 13 divide 8877676?
False
Does 7 divide 254272823?
True
Is 208 a factor of 113414912?
True
Is 5 a factor of 132181335?
True
Does 25 divide 1790849975?
True
Is 39 a factor of 107589885?
True
Is 48508503 a multiple of 29?
True
Is 108 a factor of 16208316?
True
Does 4 divide 659750384?
True
Is 23 a factor of 8297365?
True
Is 729 a factor of 155303303?
False
Does 21 divide 4265588255?
False
Is 1039 a factor of 41482636?
False
Does 90 divide 24282180?
True
Is 12485502 a multiple of 15?
False
Is 93609810 a multiple of 27?
True
Is 67758876 a multiple of 27?
True
Does 516 divide 1044330742?
False
Does 83 divide 125925920?
False
Is 87119995 a multiple of 69?
False
Is 4443601750 a multiple of 1225?
True
Is 1799 a factor of 414093820?
True
Is 369 a factor of 206951436?
True
Is 35435694 a multiple of 318?
True
Is 48437936 a multiple of 732?
False
Is 161875638 a multiple of 54?
True
Is 82439189 a multiple of 284?
False
Does 23 divide 17570505?
True
Does 4147 divide 2731019633?
False
Does 2658 divide 75774264?
True
Does 52 divide 135065407?
False
Is 341632018 a multiple of 98?
True
Does 11 divide 114555475?
False
Does 187 divide 77717948?
True
Is 449456845 a multiple of 2027?
True
Is 362795400 a multiple of 20?
True
Is 310824408 a multiple of 1002?
True
Does 12 divide 12500676?
True
Is 156 a factor of 70027037?
False
Is 9 a factor of 29581704?
True
Does 967 divide 76158986?
True
Is 455196065 a multiple of 929?
True
Is 101357298 a multiple of 54?
True
Is 971960711 a multiple of 966?
False
Is 5114 a factor of 180540027?
False
Is 7866018 a multiple of 261?
True
Is 43 a factor of 47343172?
True
Is 32864370 a multiple of 7?
True
Is 9 a factor of 783914?
False
Is 199098942 a multiple of 14?
True
Is 85 a factor of 55059358?
False
Is 35982680 a multiple of 305?
True
Does 257 divide 18194572?
True
Is 349 a factor of 354933?
True
Is 16241578 a multiple of 27?
False
Is 154 a factor of 1013381138?
True
Is 45 a factor of 6916931?
False
Is 172 a factor of 33369550?
False
Is 603 a factor of 55864935?
True
Is 332 a factor of 13812196?
True
Is 225840534 a multiple of 882?
False
Is 1085 a factor of 262277155?
False
Is 57511505 a multiple of 1465?
True
Does 11 divide 2014591193?
False
Does 189 divide 282341430?
True
Does 21 divide 735923328?
True
Is 186 a factor of 412044975?
False
Is 46 a factor of 18703738?
True
Is 1694500761 a multiple of 811?
False
Is 26679014 a multiple of 766?
True
Does 633 divide 638408352?
True
Is 12 a factor of 665273715?
False
Is 98142499 a multiple of 27?
False
Is 3633 a factor of 416901326?
False
Does 42 divide 37865352?
True
Is 145 a factor of 20298270?
False
Does 30 divide 18799680?
True
Is 10900173 a multiple of 4?
False
Is 17 a factor of 61378194?
True
Does 1059 divide 21675612?
True
Is 9 a factor of 127275771?
False
Does 152 divide 626171797?
False
Does 106 divi